{"id":8,"date":"2019-11-08T10:58:07","date_gmt":"2019-11-08T10:58:07","guid":{"rendered":"http:\/\/emprenderalos50.es\/?page_id=8"},"modified":"2025-06-13T10:58:02","modified_gmt":"2025-06-13T09:58:02","slug":"home","status":"publish","type":"page","link":"https:\/\/emprenderalos50.es\/","title":{"rendered":"Emprender a los 50"},"content":{"rendered":"<p>Pasados los 45, muchas personas tiran la toalla, se abandonan y comienzan a pensar obsesivamente en la jubilaci\u00f3n. No han encontrado su prop\u00f3sito, han llevado a cabo la vida que otros eligieron para ellos y se sienten sin fuerzas para intentarlo de nuevo. Adem\u00e1s, no son conscientes de que el sistema de jubilaciones actual no se sostiene y de que el futuro es m\u00e1s que sombr\u00edo. La madurez y la vejez se pueden convertir en un largo invierno de resultados impredecibles. Espa\u00f1a es uno de los pa\u00edses del mundo peor preparados para afrontar esta crisis.<\/p>\n<p>Una persona de 60 equivale a una de 40 de hace solo unos a\u00f1os. Vivimos m\u00e1s y mejor. Una vida activa nos aleja de la soledad, nos mantiene en forma y prolonga nuestros d\u00edas.<\/p>\n<p>Es tiempo para inconformistas. El mundo nos necesita. Sabemos hacerlo, queremos (los que quieran), podemos y adem\u00e1s toca. Si se tiene un sue\u00f1o, solo es necesario construir un plan, dar el primer paso y apoyarse en los dem\u00e1s. Por ah\u00ed hay mucha gente buena esper\u00e1ndote.<\/p>\n<p>Saber leer el pasado, conectar sus puntos te lleva al futuro. Este libro narra la experiencia personal de su autor. C\u00f3mo fue respondiendo a las preguntas elementales para poner en marcha cualquier idea: el porqu\u00e9, qu\u00e9, c\u00f3mo, cu\u00e1ndo y d\u00f3nde. En el d\u00f3nde subyace la defensa del medio rural como lugar de emprendimiento y de calidad de vida. Cualquier persona, en cualquier sitio con banda ancha, puede aplicar el m\u00e9todo que se propone.<\/p>\n","protected":false},"excerpt":{"rendered":"<p>Pasados los 45, muchas personas tiran la toalla, se abandonan y comienzan a pensar obsesivamente en la jubilaci\u00f3n. No han encontrado su prop\u00f3sito, han llevado a cabo la vida que otros eligieron para ellos y se sienten sin fuerzas para intentarlo de nuevo. Adem\u00e1s, no son conscientes de que el sistema de jubilaciones actual no &hellip; <\/p>\n<p class=\"link-more\"><a href=\"https:\/\/emprenderalos50.es\/\" class=\"more-link\">Continuar leyendo<span class=\"screen-reader-text\"> \u00abEmprender a los 50\u00bb<\/span><\/a><\/p>\n","protected":false},"author":1,"featured_media":0,"parent":0,"menu_order":0,"comment_status":"closed","ping_status":"closed","template":"","meta":{"footnotes":""},"class_list":["post-8","page","type-page","status-publish","hentry"],"yoast_head":"<!-- This site is optimized with the Yoast SEO plugin v25.3 - https:\/\/yoast.com\/wordpress\/plugins\/seo\/ -->\n<title>Emprender a los 50 - Emprender a los 50<\/title>\n<meta name=\"description\" content=\"Es tiempo para inconformistas. El mundo nos necesita. Si se tiene un sue\u00f1o, solo es necesario construir un plan, dar el primer paso y apoyarse en los dem\u00e1s. Por ah\u00ed hay mucha gente buena esper\u00e1ndote.\" \/>\n<meta name=\"robots\" content=\"index, follow, max-snippet:-1, max-image-preview:large, max-video-preview:-1\" \/>\n<link rel=\"canonical\" href=\"https:\/\/emprenderalos50.es\/\" \/>\n<meta property=\"og:locale\" content=\"es_ES\" \/>\n<meta property=\"og:type\" content=\"article\" \/>\n<meta property=\"og:title\" content=\"Emprender a los 50 - Emprender a los 50\" \/>\n<meta property=\"og:description\" content=\"Es tiempo para inconformistas. El mundo nos necesita. Si se tiene un sue\u00f1o, solo es necesario construir un plan, dar el primer paso y apoyarse en los dem\u00e1s. Por ah\u00ed hay mucha gente buena esper\u00e1ndote.\" \/>\n<meta property=\"og:url\" content=\"https:\/\/emprenderalos50.es\/\" \/>\n<meta property=\"og:site_name\" content=\"Emprender a los 50\" \/>\n<meta property=\"article:publisher\" content=\"https:\/\/www.facebook.com\/people\/Emprender-a-los-50\/100046779980683\/#\" \/>\n<meta property=\"article:modified_time\" content=\"2025-06-13T09:58:02+00:00\" \/>\n<meta name=\"twitter:card\" content=\"summary_large_image\" \/>\n<meta name=\"twitter:label1\" content=\"Tiempo de lectura\" \/>\n\t<meta name=\"twitter:data1\" content=\"2 minutos\" \/>\n<script type=\"application\/ld+json\" class=\"yoast-schema-graph\">{\"@context\":\"https:\/\/schema.org\",\"@graph\":[{\"@type\":\"WebPage\",\"@id\":\"https:\/\/emprenderalos50.es\/\",\"url\":\"https:\/\/emprenderalos50.es\/\",\"name\":\"Emprender a los 50 - Emprender a los 50\",\"isPartOf\":{\"@id\":\"https:\/\/emprenderalos50.es\/#website\"},\"datePublished\":\"2019-11-08T10:58:07+00:00\",\"dateModified\":\"2025-06-13T09:58:02+00:00\",\"description\":\"Es tiempo para inconformistas. El mundo nos necesita. Si se tiene un sue\u00f1o, solo es necesario construir un plan, dar el primer paso y apoyarse en los dem\u00e1s. Por ah\u00ed hay mucha gente buena esper\u00e1ndote.\",\"breadcrumb\":{\"@id\":\"https:\/\/emprenderalos50.es\/#breadcrumb\"},\"inLanguage\":\"es\",\"potentialAction\":[{\"@type\":\"ReadAction\",\"target\":[\"https:\/\/emprenderalos50.es\/\"]}]},{\"@type\":\"BreadcrumbList\",\"@id\":\"https:\/\/emprenderalos50.es\/#breadcrumb\",\"itemListElement\":[{\"@type\":\"ListItem\",\"position\":1,\"name\":\"Portada\",\"item\":\"https:\/\/emprenderalos50.es\/\"},{\"@type\":\"ListItem\",\"position\":2,\"name\":\"Emprender a los 50\"}]},{\"@type\":\"WebSite\",\"@id\":\"https:\/\/emprenderalos50.es\/#website\",\"url\":\"https:\/\/emprenderalos50.es\/\",\"name\":\"Emprender a los 50\",\"description\":\"Se puede, se debe y adem\u00e1s... toca\",\"publisher\":{\"@id\":\"https:\/\/emprenderalos50.es\/#organization\"},\"potentialAction\":[{\"@type\":\"SearchAction\",\"target\":{\"@type\":\"EntryPoint\",\"urlTemplate\":\"https:\/\/emprenderalos50.es\/?s={search_term_string}\"},\"query-input\":{\"@type\":\"PropertyValueSpecification\",\"valueRequired\":true,\"valueName\":\"search_term_string\"}}],\"inLanguage\":\"es\"},{\"@type\":\"Organization\",\"@id\":\"https:\/\/emprenderalos50.es\/#organization\",\"name\":\"Emprender a los 50\",\"url\":\"https:\/\/emprenderalos50.es\/\",\"logo\":{\"@type\":\"ImageObject\",\"inLanguage\":\"es\",\"@id\":\"https:\/\/emprenderalos50.es\/#\/schema\/logo\/image\/\",\"url\":\"https:\/\/emprenderalos50.es\/wp-content\/uploads\/2019\/11\/favicon-1.png\",\"contentUrl\":\"https:\/\/emprenderalos50.es\/wp-content\/uploads\/2019\/11\/favicon-1.png\",\"width\":128,\"height\":128,\"caption\":\"Emprender a los 50\"},\"image\":{\"@id\":\"https:\/\/emprenderalos50.es\/#\/schema\/logo\/image\/\"},\"sameAs\":[\"https:\/\/www.facebook.com\/people\/Emprender-a-los-50\/100046779980683\/#\"]}]}<\/script>\n<!-- \/ Yoast SEO plugin. -->","yoast_head_json":{"title":"Emprender a los 50 - Emprender a los 50","description":"Es tiempo para inconformistas. El mundo nos necesita. Si se tiene un sue\u00f1o, solo es necesario construir un plan, dar el primer paso y apoyarse en los dem\u00e1s. Por ah\u00ed hay mucha gente buena esper\u00e1ndote.","robots":{"index":"index","follow":"follow","max-snippet":"max-snippet:-1","max-image-preview":"max-image-preview:large","max-video-preview":"max-video-preview:-1"},"canonical":"https:\/\/emprenderalos50.es\/","og_locale":"es_ES","og_type":"article","og_title":"Emprender a los 50 - Emprender a los 50","og_description":"Es tiempo para inconformistas. El mundo nos necesita. Si se tiene un sue\u00f1o, solo es necesario construir un plan, dar el primer paso y apoyarse en los dem\u00e1s. Por ah\u00ed hay mucha gente buena esper\u00e1ndote.","og_url":"https:\/\/emprenderalos50.es\/","og_site_name":"Emprender a los 50","article_publisher":"https:\/\/www.facebook.com\/people\/Emprender-a-los-50\/100046779980683\/#","article_modified_time":"2025-06-13T09:58:02+00:00","twitter_card":"summary_large_image","twitter_misc":{"Tiempo de lectura":"2 minutos"},"schema":{"@context":"https:\/\/schema.org","@graph":[{"@type":"WebPage","@id":"https:\/\/emprenderalos50.es\/","url":"https:\/\/emprenderalos50.es\/","name":"Emprender a los 50 - Emprender a los 50","isPartOf":{"@id":"https:\/\/emprenderalos50.es\/#website"},"datePublished":"2019-11-08T10:58:07+00:00","dateModified":"2025-06-13T09:58:02+00:00","description":"Es tiempo para inconformistas. El mundo nos necesita. Si se tiene un sue\u00f1o, solo es necesario construir un plan, dar el primer paso y apoyarse en los dem\u00e1s. Por ah\u00ed hay mucha gente buena esper\u00e1ndote.","breadcrumb":{"@id":"https:\/\/emprenderalos50.es\/#breadcrumb"},"inLanguage":"es","potentialAction":[{"@type":"ReadAction","target":["https:\/\/emprenderalos50.es\/"]}]},{"@type":"BreadcrumbList","@id":"https:\/\/emprenderalos50.es\/#breadcrumb","itemListElement":[{"@type":"ListItem","position":1,"name":"Portada","item":"https:\/\/emprenderalos50.es\/"},{"@type":"ListItem","position":2,"name":"Emprender a los 50"}]},{"@type":"WebSite","@id":"https:\/\/emprenderalos50.es\/#website","url":"https:\/\/emprenderalos50.es\/","name":"Emprender a los 50","description":"Se puede, se debe y adem\u00e1s... toca","publisher":{"@id":"https:\/\/emprenderalos50.es\/#organization"},"potentialAction":[{"@type":"SearchAction","target":{"@type":"EntryPoint","urlTemplate":"https:\/\/emprenderalos50.es\/?s={search_term_string}"},"query-input":{"@type":"PropertyValueSpecification","valueRequired":true,"valueName":"search_term_string"}}],"inLanguage":"es"},{"@type":"Organization","@id":"https:\/\/emprenderalos50.es\/#organization","name":"Emprender a los 50","url":"https:\/\/emprenderalos50.es\/","logo":{"@type":"ImageObject","inLanguage":"es","@id":"https:\/\/emprenderalos50.es\/#\/schema\/logo\/image\/","url":"https:\/\/emprenderalos50.es\/wp-content\/uploads\/2019\/11\/favicon-1.png","contentUrl":"https:\/\/emprenderalos50.es\/wp-content\/uploads\/2019\/11\/favicon-1.png","width":128,"height":128,"caption":"Emprender a los 50"},"image":{"@id":"https:\/\/emprenderalos50.es\/#\/schema\/logo\/image\/"},"sameAs":["https:\/\/www.facebook.com\/people\/Emprender-a-los-50\/100046779980683\/#"]}]}},"_links":{"self":[{"href":"https:\/\/emprenderalos50.es\/index.php\/wp-json\/wp\/v2\/pages\/8","targetHints":{"allow":["GET"]}}],"collection":[{"href":"https:\/\/emprenderalos50.es\/index.php\/wp-json\/wp\/v2\/pages"}],"about":[{"href":"https:\/\/emprenderalos50.es\/index.php\/wp-json\/wp\/v2\/types\/page"}],"author":[{"embeddable":true,"href":"https:\/\/emprenderalos50.es\/index.php\/wp-json\/wp\/v2\/users\/1"}],"replies":[{"embeddable":true,"href":"https:\/\/emprenderalos50.es\/index.php\/wp-json\/wp\/v2\/comments?post=8"}],"version-history":[{"count":4,"href":"https:\/\/emprenderalos50.es\/index.php\/wp-json\/wp\/v2\/pages\/8\/revisions"}],"predecessor-version":[{"id":69,"href":"https:\/\/emprenderalos50.es\/index.php\/wp-json\/wp\/v2\/pages\/8\/revisions\/69"}],"wp:attachment":[{"href":"https:\/\/emprenderalos50.es\/index.php\/wp-json\/wp\/v2\/media?parent=8"}],"curies":[{"name":"wp","href":"https:\/\/api.w.org\/{rel}","templated":true}]}}